{"id":1471,"date":"2023-12-12T14:13:11","date_gmt":"2023-12-12T12:13:11","guid":{"rendered":"https:\/\/krauseschnauzen.de\/?page_id=1471"},"modified":"2023-12-12T14:51:47","modified_gmt":"2023-12-12T12:51:47","slug":"hundepflege-zuhause","status":"publish","type":"page","link":"https:\/\/krauseschnauzen.de\/index.php\/hundepflege-zuhause\/","title":{"rendered":"Hundepflege Zuhause"},"content":{"rendered":"\n<h1 class=\"wp-block-heading\">Buchen Sie ihr kostenfreies Beratungsgespr\u00e4ch zur richtigen Hundepflege Zuhause<\/h1>\n\n\n\n<div class=\"wp-block-media-text is-stacked-on-mobile\"><figure class=\"wp-block-media-text__media\"><img loading=\"lazy\" decoding=\"async\" width=\"1024\" height=\"682\" src=\"https:\/\/krauseschnauzen.de\/wp-content\/uploads\/2023\/12\/dog-4074129_1280-1024x682.jpg\" alt=\"\" class=\"wp-image-1474 size-full\" srcset=\"https:\/\/krauseschnauzen.de\/wp-content\/uploads\/2023\/12\/dog-4074129_1280-1024x682.jpg 1024w, https:\/\/krauseschnauzen.de\/wp-content\/uploads\/2023\/12\/dog-4074129_1280-600x400.jpg 600w, https:\/\/krauseschnauzen.de\/wp-content\/uploads\/2023\/12\/dog-4074129_1280-300x200.jpg 300w, https:\/\/krauseschnauzen.de\/wp-content\/uploads\/2023\/12\/dog-4074129_1280-768x512.jpg 768w, https:\/\/krauseschnauzen.de\/wp-content\/uploads\/2023\/12\/dog-4074129_1280-1x1.jpg 1w, https:\/\/krauseschnauzen.de\/wp-content\/uploads\/2023\/12\/dog-4074129_1280.jpg 1280w\" sizes=\"auto, (max-width: 1024px) 100vw, 1024px\" \/><\/figure><div class=\"wp-block-media-text__content\">\n<p>Sie m\u00f6chten ihren Hund gerne Zuhause selber pflegen? <\/p>\n\n\n\n<p>Ich gebe Ihnen in einem kostenfreien Beratungsgespr\u00e4ch alle wichtigen Informationen zur <strong>geeigneten Fellpflege f\u00fcr ihren Hund, rassegerecht und individuell abgestimmt.<\/strong><\/p>\n\n\n\n<p>Wenn Sie bereits eigene Werkzeuge zur Fellpflege haben, bringen Sie diese gern mit und ich zeige ihnen die korrekte Anwendung am Hund.<\/p>\n<\/div><\/div>\n\n\n<p>Stehen Sie noch vor dem Kauf der notwendigen Utensilien die Sie zur Hundepflege Zuhause ben\u00f6tigen, dann haben Sie bei mir die M\u00f6glichkeit, verschieden Arten von B\u00fcrsten, K\u00e4mmen u.v.m. kennen zulernen.\u00a0<\/p>\n<p>Unterschiedliche Felltypen unterscheiden sich nicht nur optisch, sondern auch in ihren Pflegebed\u00fcrfnissen. Ein drahthaariger Hund ben\u00f6tigt eine andere Pflege, sowie andere Pflegeprodukte und Werkzeuge als ein Hund mit weichem langem oder lockigem Fell. Sie haben bei mir die M\u00f6glichkeit, unterschiedliche Fellstrukturen anzusehen und auch anzuf\u00fchlen.\u00a0<\/p>\n<p>Weiterhin erfahren Sie etwas \u00fcber das Baden ihres Hundes mit geeigneten Pflegeprodukten. Ich zeigen Ihnen, worauf Sie bei der Kontrolle von Z\u00e4hnen, Ohren und Krallen achten sollten.<\/p>\n<p>Wenn Sie dar\u00fcber hinaus Fragen zur Fellpflege ihres Hundes oder Rassebesonderheiten haben, dann bringen Sie diese sehr gern zum Termin mit.<\/p>\n\n\n<h2 class=\"wp-block-heading\">Sie m\u00f6chten Ihren Beratungstermin zur Hundepflege Zuhause buchen?<\/h2>\n\n\n<p><span style=\"color: #339966;\">Dann rufen Sie gern unter der 0151 70801740 an oder schreiben eine Email an info@krauseschnauzen.de !<\/span><\/p>\n<p>Wenn Sie keinen Termin w\u00fcnschen und nur auf der Suche nach hochwertigen Pflegeprodukten und Zubeh\u00f6r sind, dann schauen Sie sehr gern zu meinen Laden\u00f6ffnungszeiten vorbei. Infos zum Sortiment finden Sie hier <span style=\"color: #ff6600;\"><strong><a style=\"color: #ff6600;\" href=\"https:\/\/krauseschnauzen.de\/index.php\/regionaler-fachhandel-fuer-hundebedarf\/\">&lt;&lt; hier &gt;&gt;<\/a><\/strong><\/span>.<\/p>\n<p>Wenn Sie sich vorab in das Thema Fellpflege Zuhause reinlesen m\u00f6chten, dann habe ich hier noch einen einf\u00fchrenden Artikel f\u00fcr Sie: <a href=\"https:\/\/krauseschnauzen.de\/index.php\/fellpflegefibel\/\"><span style=\"color: #ff6600;\"><strong>Fellpflegefibel<\/strong><\/span><\/a><\/p>","protected":false},"excerpt":{"rendered":"<p>Buchen Sie ihr kostenfreies Beratungsgespr\u00e4ch zur richtigen Hundepflege Zuhause Sie m\u00f6chten ihren Hund gerne Zuhause selber pflegen? Ich gebe Ihnen in einem kostenfreien Beratungsgespr\u00e4ch alle wichtigen Informationen zur geeigneten Fellpflege f\u00fcr ihren Hund, rassegerecht und individuell abgestimmt. Wenn Sie bereits eigene Werkzeuge zur Fellpflege haben, bringen Sie diese gern mit und ich zeige ihnen die [&hellip;]<\/p>\n","protected":false},"author":1,"featured_media":0,"parent":0,"menu_order":0,"comment_status":"closed","ping_status":"closed","template":"","meta":{"footnotes":""},"class_list":["post-1471","page","type-page","status-publish","hentry"],"yoast_head":"<!-- This site is optimized with the Yoast SEO plugin v27.3 - https:\/\/yoast.com\/product\/yoast-seo-wordpress\/ -->\n<title>Hundepflege Zuhause - Krauseschnauzen<\/title>\n<meta name=\"description\" content=\"Hundepflege Zuhause. Kostenfreies Beratungsgespr\u00e4ch, abgestimmt auf ihre Rasse, hier buchen. Ich freue mich auf Sie.\" \/>\n<meta name=\"robots\" content=\"index, follow, max-snippet:-1, max-image-preview:large, max-video-preview:-1\" \/>\n<link rel=\"canonical\" href=\"https:\/\/krauseschnauzen.de\/index.php\/hundepflege-zuhause\/\" \/>\n<meta property=\"og:locale\" content=\"de_DE\" \/>\n<meta property=\"og:type\" content=\"article\" \/>\n<meta property=\"og:title\" content=\"Hundepflege Zuhause - Krauseschnauzen\" \/>\n<meta property=\"og:description\" content=\"Hundepflege Zuhause. Kostenfreies Beratungsgespr\u00e4ch, abgestimmt auf ihre Rasse, hier buchen. Ich freue mich auf Sie.\" \/>\n<meta property=\"og:url\" content=\"https:\/\/krauseschnauzen.de\/index.php\/hundepflege-zuhause\/\" \/>\n<meta property=\"og:site_name\" content=\"Krauseschnauzen\" \/>\n<meta property=\"article:publisher\" content=\"https:\/\/www.facebook.com\/HundesalonKrauseschnauzen\" \/>\n<meta property=\"article:modified_time\" content=\"2023-12-12T12:51:47+00:00\" \/>\n<meta property=\"og:image\" content=\"https:\/\/krauseschnauzen.de\/wp-content\/uploads\/2023\/12\/dog-4074129_1280-1024x682.jpg\" \/>\n<meta name=\"twitter:card\" content=\"summary_large_image\" \/>\n<meta name=\"twitter:label1\" content=\"Gesch\u00e4tzte Lesezeit\" \/>\n\t<meta name=\"twitter:data1\" content=\"2\u00a0Minuten\" \/>\n<script type=\"application\/ld+json\" class=\"yoast-schema-graph\">{\"@context\":\"https:\\\/\\\/schema.org\",\"@graph\":[{\"@type\":\"WebPage\",\"@id\":\"https:\\\/\\\/krauseschnauzen.de\\\/index.php\\\/hundepflege-zuhause\\\/\",\"url\":\"https:\\\/\\\/krauseschnauzen.de\\\/index.php\\\/hundepflege-zuhause\\\/\",\"name\":\"Hundepflege Zuhause - Krauseschnauzen\",\"isPartOf\":{\"@id\":\"https:\\\/\\\/krauseschnauzen.de\\\/#website\"},\"primaryImageOfPage\":{\"@id\":\"https:\\\/\\\/krauseschnauzen.de\\\/index.php\\\/hundepflege-zuhause\\\/#primaryimage\"},\"image\":{\"@id\":\"https:\\\/\\\/krauseschnauzen.de\\\/index.php\\\/hundepflege-zuhause\\\/#primaryimage\"},\"thumbnailUrl\":\"https:\\\/\\\/krauseschnauzen.de\\\/wp-content\\\/uploads\\\/2023\\\/12\\\/dog-4074129_1280-1024x682.jpg\",\"datePublished\":\"2023-12-12T12:13:11+00:00\",\"dateModified\":\"2023-12-12T12:51:47+00:00\",\"description\":\"Hundepflege Zuhause. Kostenfreies Beratungsgespr\u00e4ch, abgestimmt auf ihre Rasse, hier buchen. Ich freue mich auf Sie.\",\"breadcrumb\":{\"@id\":\"https:\\\/\\\/krauseschnauzen.de\\\/index.php\\\/hundepflege-zuhause\\\/#breadcrumb\"},\"inLanguage\":\"de\",\"potentialAction\":[{\"@type\":\"ReadAction\",\"target\":[\"https:\\\/\\\/krauseschnauzen.de\\\/index.php\\\/hundepflege-zuhause\\\/\"]}]},{\"@type\":\"ImageObject\",\"inLanguage\":\"de\",\"@id\":\"https:\\\/\\\/krauseschnauzen.de\\\/index.php\\\/hundepflege-zuhause\\\/#primaryimage\",\"url\":\"https:\\\/\\\/krauseschnauzen.de\\\/wp-content\\\/uploads\\\/2023\\\/12\\\/dog-4074129_1280.jpg\",\"contentUrl\":\"https:\\\/\\\/krauseschnauzen.de\\\/wp-content\\\/uploads\\\/2023\\\/12\\\/dog-4074129_1280.jpg\",\"width\":1280,\"height\":853,\"caption\":\"Cavalier King Charles Spaniel\"},{\"@type\":\"BreadcrumbList\",\"@id\":\"https:\\\/\\\/krauseschnauzen.de\\\/index.php\\\/hundepflege-zuhause\\\/#breadcrumb\",\"itemListElement\":[{\"@type\":\"ListItem\",\"position\":1,\"name\":\"Startseite\",\"item\":\"https:\\\/\\\/krauseschnauzen.de\\\/\"},{\"@type\":\"ListItem\",\"position\":2,\"name\":\"Hundepflege Zuhause\"}]},{\"@type\":\"WebSite\",\"@id\":\"https:\\\/\\\/krauseschnauzen.de\\\/#website\",\"url\":\"https:\\\/\\\/krauseschnauzen.de\\\/\",\"name\":\"Krauseschnauzen\",\"description\":\"Hundesalon und Aromatherapie\",\"publisher\":{\"@id\":\"https:\\\/\\\/krauseschnauzen.de\\\/#organization\"},\"potentialAction\":[{\"@type\":\"SearchAction\",\"target\":{\"@type\":\"EntryPoint\",\"urlTemplate\":\"https:\\\/\\\/krauseschnauzen.de\\\/?s={search_term_string}\"},\"query-input\":{\"@type\":\"PropertyValueSpecification\",\"valueRequired\":true,\"valueName\":\"search_term_string\"}}],\"inLanguage\":\"de\"},{\"@type\":\"Organization\",\"@id\":\"https:\\\/\\\/krauseschnauzen.de\\\/#organization\",\"name\":\"Hundesalon Krauseschnauzen\",\"url\":\"https:\\\/\\\/krauseschnauzen.de\\\/\",\"logo\":{\"@type\":\"ImageObject\",\"inLanguage\":\"de\",\"@id\":\"https:\\\/\\\/krauseschnauzen.de\\\/#\\\/schema\\\/logo\\\/image\\\/\",\"url\":\"https:\\\/\\\/krauseschnauzen.de\\\/wp-content\\\/uploads\\\/2023\\\/01\\\/KrauseSchnauzen_Logo_Farbig.png\",\"contentUrl\":\"https:\\\/\\\/krauseschnauzen.de\\\/wp-content\\\/uploads\\\/2023\\\/01\\\/KrauseSchnauzen_Logo_Farbig.png\",\"width\":2623,\"height\":2181,\"caption\":\"Hundesalon Krauseschnauzen\"},\"image\":{\"@id\":\"https:\\\/\\\/krauseschnauzen.de\\\/#\\\/schema\\\/logo\\\/image\\\/\"},\"sameAs\":[\"https:\\\/\\\/www.facebook.com\\\/HundesalonKrauseschnauzen\",\"https:\\\/\\\/www.instagram.com\\\/krauseschnauzen\\\/\"]}]}<\/script>\n<!-- \/ Yoast SEO plugin. -->","yoast_head_json":{"title":"Hundepflege Zuhause - Krauseschnauzen","description":"Hundepflege Zuhause. Kostenfreies Beratungsgespr\u00e4ch, abgestimmt auf ihre Rasse, hier buchen. Ich freue mich auf Sie.","robots":{"index":"index","follow":"follow","max-snippet":"max-snippet:-1","max-image-preview":"max-image-preview:large","max-video-preview":"max-video-preview:-1"},"canonical":"https:\/\/krauseschnauzen.de\/index.php\/hundepflege-zuhause\/","og_locale":"de_DE","og_type":"article","og_title":"Hundepflege Zuhause - Krauseschnauzen","og_description":"Hundepflege Zuhause. Kostenfreies Beratungsgespr\u00e4ch, abgestimmt auf ihre Rasse, hier buchen. Ich freue mich auf Sie.","og_url":"https:\/\/krauseschnauzen.de\/index.php\/hundepflege-zuhause\/","og_site_name":"Krauseschnauzen","article_publisher":"https:\/\/www.facebook.com\/HundesalonKrauseschnauzen","article_modified_time":"2023-12-12T12:51:47+00:00","og_image":[{"url":"https:\/\/krauseschnauzen.de\/wp-content\/uploads\/2023\/12\/dog-4074129_1280-1024x682.jpg","type":"","width":"","height":""}],"twitter_card":"summary_large_image","twitter_misc":{"Gesch\u00e4tzte Lesezeit":"2\u00a0Minuten"},"schema":{"@context":"https:\/\/schema.org","@graph":[{"@type":"WebPage","@id":"https:\/\/krauseschnauzen.de\/index.php\/hundepflege-zuhause\/","url":"https:\/\/krauseschnauzen.de\/index.php\/hundepflege-zuhause\/","name":"Hundepflege Zuhause - Krauseschnauzen","isPartOf":{"@id":"https:\/\/krauseschnauzen.de\/#website"},"primaryImageOfPage":{"@id":"https:\/\/krauseschnauzen.de\/index.php\/hundepflege-zuhause\/#primaryimage"},"image":{"@id":"https:\/\/krauseschnauzen.de\/index.php\/hundepflege-zuhause\/#primaryimage"},"thumbnailUrl":"https:\/\/krauseschnauzen.de\/wp-content\/uploads\/2023\/12\/dog-4074129_1280-1024x682.jpg","datePublished":"2023-12-12T12:13:11+00:00","dateModified":"2023-12-12T12:51:47+00:00","description":"Hundepflege Zuhause. Kostenfreies Beratungsgespr\u00e4ch, abgestimmt auf ihre Rasse, hier buchen. Ich freue mich auf Sie.","breadcrumb":{"@id":"https:\/\/krauseschnauzen.de\/index.php\/hundepflege-zuhause\/#breadcrumb"},"inLanguage":"de","potentialAction":[{"@type":"ReadAction","target":["https:\/\/krauseschnauzen.de\/index.php\/hundepflege-zuhause\/"]}]},{"@type":"ImageObject","inLanguage":"de","@id":"https:\/\/krauseschnauzen.de\/index.php\/hundepflege-zuhause\/#primaryimage","url":"https:\/\/krauseschnauzen.de\/wp-content\/uploads\/2023\/12\/dog-4074129_1280.jpg","contentUrl":"https:\/\/krauseschnauzen.de\/wp-content\/uploads\/2023\/12\/dog-4074129_1280.jpg","width":1280,"height":853,"caption":"Cavalier King Charles Spaniel"},{"@type":"BreadcrumbList","@id":"https:\/\/krauseschnauzen.de\/index.php\/hundepflege-zuhause\/#breadcrumb","itemListElement":[{"@type":"ListItem","position":1,"name":"Startseite","item":"https:\/\/krauseschnauzen.de\/"},{"@type":"ListItem","position":2,"name":"Hundepflege Zuhause"}]},{"@type":"WebSite","@id":"https:\/\/krauseschnauzen.de\/#website","url":"https:\/\/krauseschnauzen.de\/","name":"Krauseschnauzen","description":"Hundesalon und Aromatherapie","publisher":{"@id":"https:\/\/krauseschnauzen.de\/#organization"},"potentialAction":[{"@type":"SearchAction","target":{"@type":"EntryPoint","urlTemplate":"https:\/\/krauseschnauzen.de\/?s={search_term_string}"},"query-input":{"@type":"PropertyValueSpecification","valueRequired":true,"valueName":"search_term_string"}}],"inLanguage":"de"},{"@type":"Organization","@id":"https:\/\/krauseschnauzen.de\/#organization","name":"Hundesalon Krauseschnauzen","url":"https:\/\/krauseschnauzen.de\/","logo":{"@type":"ImageObject","inLanguage":"de","@id":"https:\/\/krauseschnauzen.de\/#\/schema\/logo\/image\/","url":"https:\/\/krauseschnauzen.de\/wp-content\/uploads\/2023\/01\/KrauseSchnauzen_Logo_Farbig.png","contentUrl":"https:\/\/krauseschnauzen.de\/wp-content\/uploads\/2023\/01\/KrauseSchnauzen_Logo_Farbig.png","width":2623,"height":2181,"caption":"Hundesalon Krauseschnauzen"},"image":{"@id":"https:\/\/krauseschnauzen.de\/#\/schema\/logo\/image\/"},"sameAs":["https:\/\/www.facebook.com\/HundesalonKrauseschnauzen","https:\/\/www.instagram.com\/krauseschnauzen\/"]}]}},"_links":{"self":[{"href":"https:\/\/krauseschnauzen.de\/index.php\/wp-json\/wp\/v2\/pages\/1471","targetHints":{"allow":["GET"]}}],"collection":[{"href":"https:\/\/krauseschnauzen.de\/index.php\/wp-json\/wp\/v2\/pages"}],"about":[{"href":"https:\/\/krauseschnauzen.de\/index.php\/wp-json\/wp\/v2\/types\/page"}],"author":[{"embeddable":true,"href":"https:\/\/krauseschnauzen.de\/index.php\/wp-json\/wp\/v2\/users\/1"}],"replies":[{"embeddable":true,"href":"https:\/\/krauseschnauzen.de\/index.php\/wp-json\/wp\/v2\/comments?post=1471"}],"version-history":[{"count":15,"href":"https:\/\/krauseschnauzen.de\/index.php\/wp-json\/wp\/v2\/pages\/1471\/revisions"}],"predecessor-version":[{"id":1496,"href":"https:\/\/krauseschnauzen.de\/index.php\/wp-json\/wp\/v2\/pages\/1471\/revisions\/1496"}],"wp:attachment":[{"href":"https:\/\/krauseschnauzen.de\/index.php\/wp-json\/wp\/v2\/media?parent=1471"}],"curies":[{"name":"wp","href":"https:\/\/api.w.org\/{rel}","templated":true}]}}