{"id":1229,"date":"2023-08-31T09:06:36","date_gmt":"2023-08-31T07:06:36","guid":{"rendered":"https:\/\/krauseschnauzen.de\/?page_id=1229"},"modified":"2023-11-25T11:07:49","modified_gmt":"2023-11-25T09:07:49","slug":"fellpflege-fuer-katzen","status":"publish","type":"page","link":"https:\/\/krauseschnauzen.de\/index.php\/fellpflege-fuer-katzen\/","title":{"rendered":"Fellpflege Katzen"},"content":{"rendered":"\n<div class=\"wp-block-media-text is-stacked-on-mobile\" style=\"grid-template-columns:35% auto\"><figure class=\"wp-block-media-text__media\"><img loading=\"lazy\" decoding=\"async\" width=\"673\" height=\"1024\" src=\"https:\/\/krauseschnauzen.de\/wp-content\/uploads\/2023\/11\/cat-7502328_1280-673x1024.jpg\" alt=\"\" class=\"wp-image-1394 size-full\" srcset=\"https:\/\/krauseschnauzen.de\/wp-content\/uploads\/2023\/11\/cat-7502328_1280-673x1024.jpg 673w, https:\/\/krauseschnauzen.de\/wp-content\/uploads\/2023\/11\/cat-7502328_1280-600x913.jpg 600w, https:\/\/krauseschnauzen.de\/wp-content\/uploads\/2023\/11\/cat-7502328_1280-197x300.jpg 197w, https:\/\/krauseschnauzen.de\/wp-content\/uploads\/2023\/11\/cat-7502328_1280-768x1169.jpg 768w, https:\/\/krauseschnauzen.de\/wp-content\/uploads\/2023\/11\/cat-7502328_1280-1x2.jpg 1w, https:\/\/krauseschnauzen.de\/wp-content\/uploads\/2023\/11\/cat-7502328_1280.jpg 841w\" sizes=\"auto, (max-width: 673px) 100vw, 673px\" \/><\/figure><div class=\"wp-block-media-text__content\">\n<p>Auch Katzen ben\u00f6tigen regelm\u00e4\u00dfige Fellpflege. Bei kurzhaarigen Rassen sorgt das Entfernen der Unterwolle f\u00fcr weniger Katzenhaare im Haus oder in der Wohnung. Bei langhaarigen Rassen ist das regelm\u00e4\u00dfige B\u00fcrsten Pflicht, da sich sonst schlimme Filzplatten bilden. Das Entfernen solcher Platten birgt ein erhebliches Verletzungsrisiko und nicht selten muss die Katze bei diesem Eingriff in Narkose gelegt werden. <\/p>\n\n\n\n<p>Gern berate ich Sie zur richtigen Fellpflege ihrer Katze oder unterst\u00fctze Sie beim regelm\u00e4\u00dfigen B\u00fcrsten.<\/p>\n\n\n\n<p><a href=\"https:\/\/krauseschnauzen.de\/index.php\/kontakt-anfahrt-krauseschnauzen\/\"><mark style=\"background-color:rgba(0, 0, 0, 0)\" class=\"has-inline-color has-vivid-green-cyan-color\"><strong>Fragen Sie gern nach einem Termin an!<\/strong><\/mark><\/a><\/p>\n\n\n\n<p>Damit der Besuch f\u00fcr ihre Katze so stressfrei wie m\u00f6glich wird, werden selbstverst\u00e4ndlich zu ihrem Termin keine Hunde anwesend sein.<\/p>\n<p>Manche Katzen sind sehr geduldig und genie\u00dfen die Behandlung. Andere Katzen sind bei der Fellpflege schnell unentspannt und ungeduldig. F\u00fcr diese Tiere bietet es sich mitunter an, die Fellpflege auf 2 oder 3 kurze Termine zu verteilen. <strong>10 Minuten Fellpflege f\u00fcr Katzen kosten 10 Euro<\/strong> &#8211; das erm\u00f6glicht uns gr\u00f6\u00dftm\u00f6gliche Flexibilit\u00e4t und wir k\u00f6nnen auch im Termin entscheiden, die Behandlung nicht in einer Sitzung zu beenden.<\/p>\n<\/div><\/div>\n\n\n\n<hr class=\"wp-block-separator has-alpha-channel-opacity is-style-wide\"\/>\n\n\n\n<div class=\"wp-block-media-text is-stacked-on-mobile\" style=\"grid-template-columns:21% auto\"><figure class=\"wp-block-media-text__media\"><img loading=\"lazy\" decoding=\"async\" width=\"443\" height=\"640\" src=\"https:\/\/krauseschnauzen.de\/wp-content\/uploads\/2023\/11\/IMG_3546.jpg\" alt=\"\" class=\"wp-image-1379 size-full\" srcset=\"https:\/\/krauseschnauzen.de\/wp-content\/uploads\/2023\/11\/IMG_3546.jpg 443w, https:\/\/krauseschnauzen.de\/wp-content\/uploads\/2023\/11\/IMG_3546-208x300.jpg 208w, https:\/\/krauseschnauzen.de\/wp-content\/uploads\/2023\/11\/IMG_3546-1x1.jpg 1w\" sizes=\"auto, (max-width: 443px) 100vw, 443px\" \/><\/figure><div class=\"wp-block-media-text__content\">\n<p><strong><mark style=\"background-color:rgba(0, 0, 0, 0)\" class=\"has-inline-color has-vivid-green-cyan-color\">Produktempfehlung f\u00fcr langhaarige Katzen:<\/mark><\/strong> Mit Lady Magic habe ich ein fantastisches Pflegespray im Sortiment, welches das B\u00fcrsten Zuhause erleichtert, dem Fell Feuchtigkeit spendet und Haarbruch vermeidet. Das Spray wird vor dem B\u00fcrsten aufs Fell gespr\u00fcht, im Anschluss daran b\u00fcrstet man ordentlich durch. Man sp\u00fcrt sofort den Effekt, das Fell wird wunderbar fluffig und duftet zudem sehr angenehm.<\/p>\n\n\n\n<p><strong>Preis: 12,50 Euro<\/strong><\/p>\n<\/div><\/div>\n","protected":false},"excerpt":{"rendered":"<p>Auch Katzen ben\u00f6tigen regelm\u00e4\u00dfige Fellpflege. Bei kurzhaarigen Rassen sorgt das Entfernen der Unterwolle f\u00fcr weniger Katzenhaare im Haus oder in der Wohnung. Bei langhaarigen Rassen ist das regelm\u00e4\u00dfige B\u00fcrsten Pflicht, da sich sonst schlimme Filzplatten bilden. Das Entfernen solcher Platten birgt ein erhebliches Verletzungsrisiko und nicht selten muss die Katze bei diesem Eingriff in Narkose [&hellip;]<\/p>\n","protected":false},"author":1,"featured_media":0,"parent":0,"menu_order":0,"comment_status":"closed","ping_status":"closed","template":"","meta":{"footnotes":""},"class_list":["post-1229","page","type-page","status-publish","hentry"],"yoast_head":"<!-- This site is optimized with the Yoast SEO plugin v27.3 - https:\/\/yoast.com\/product\/yoast-seo-wordpress\/ -->\n<title>Fellpflege Katzen - Krauseschnauzen<\/title>\n<meta name=\"description\" content=\"Auch Katzen ben\u00f6tigen regelm\u00e4\u00dfige Fellpflege. Ich berate Sie sehr gern oder unterst\u00fctze Sie beim regelm\u00e4\u00dfigen B\u00fcrsten.\" \/>\n<meta name=\"robots\" content=\"index, follow, max-snippet:-1, max-image-preview:large, max-video-preview:-1\" \/>\n<link rel=\"canonical\" href=\"https:\/\/krauseschnauzen.de\/index.php\/fellpflege-fuer-katzen\/\" \/>\n<meta property=\"og:locale\" content=\"de_DE\" \/>\n<meta property=\"og:type\" content=\"article\" \/>\n<meta property=\"og:title\" content=\"Fellpflege Katzen - Krauseschnauzen\" \/>\n<meta property=\"og:description\" content=\"Auch Katzen ben\u00f6tigen regelm\u00e4\u00dfige Fellpflege. Ich berate Sie sehr gern oder unterst\u00fctze Sie beim regelm\u00e4\u00dfigen B\u00fcrsten.\" \/>\n<meta property=\"og:url\" content=\"https:\/\/krauseschnauzen.de\/index.php\/fellpflege-fuer-katzen\/\" \/>\n<meta property=\"og:site_name\" content=\"Krauseschnauzen\" \/>\n<meta property=\"article:publisher\" content=\"https:\/\/www.facebook.com\/HundesalonKrauseschnauzen\" \/>\n<meta property=\"article:modified_time\" content=\"2023-11-25T09:07:49+00:00\" \/>\n<meta property=\"og:image\" content=\"https:\/\/krauseschnauzen.de\/wp-content\/uploads\/2023\/11\/cat-7502328_1280-673x1024.jpg\" \/>\n<meta name=\"twitter:card\" content=\"summary_large_image\" \/>\n<meta name=\"twitter:label1\" content=\"Gesch\u00e4tzte Lesezeit\" \/>\n\t<meta name=\"twitter:data1\" content=\"2\u00a0Minuten\" \/>\n<script type=\"application\/ld+json\" class=\"yoast-schema-graph\">{\"@context\":\"https:\\\/\\\/schema.org\",\"@graph\":[{\"@type\":\"WebPage\",\"@id\":\"https:\\\/\\\/krauseschnauzen.de\\\/index.php\\\/fellpflege-fuer-katzen\\\/\",\"url\":\"https:\\\/\\\/krauseschnauzen.de\\\/index.php\\\/fellpflege-fuer-katzen\\\/\",\"name\":\"Fellpflege Katzen - Krauseschnauzen\",\"isPartOf\":{\"@id\":\"https:\\\/\\\/krauseschnauzen.de\\\/#website\"},\"primaryImageOfPage\":{\"@id\":\"https:\\\/\\\/krauseschnauzen.de\\\/index.php\\\/fellpflege-fuer-katzen\\\/#primaryimage\"},\"image\":{\"@id\":\"https:\\\/\\\/krauseschnauzen.de\\\/index.php\\\/fellpflege-fuer-katzen\\\/#primaryimage\"},\"thumbnailUrl\":\"https:\\\/\\\/krauseschnauzen.de\\\/wp-content\\\/uploads\\\/2023\\\/11\\\/cat-7502328_1280-673x1024.jpg\",\"datePublished\":\"2023-08-31T07:06:36+00:00\",\"dateModified\":\"2023-11-25T09:07:49+00:00\",\"description\":\"Auch Katzen ben\u00f6tigen regelm\u00e4\u00dfige Fellpflege. Ich berate Sie sehr gern oder unterst\u00fctze Sie beim regelm\u00e4\u00dfigen B\u00fcrsten.\",\"breadcrumb\":{\"@id\":\"https:\\\/\\\/krauseschnauzen.de\\\/index.php\\\/fellpflege-fuer-katzen\\\/#breadcrumb\"},\"inLanguage\":\"de\",\"potentialAction\":[{\"@type\":\"ReadAction\",\"target\":[\"https:\\\/\\\/krauseschnauzen.de\\\/index.php\\\/fellpflege-fuer-katzen\\\/\"]}]},{\"@type\":\"ImageObject\",\"inLanguage\":\"de\",\"@id\":\"https:\\\/\\\/krauseschnauzen.de\\\/index.php\\\/fellpflege-fuer-katzen\\\/#primaryimage\",\"url\":\"https:\\\/\\\/krauseschnauzen.de\\\/wp-content\\\/uploads\\\/2023\\\/11\\\/cat-7502328_1280.jpg\",\"contentUrl\":\"https:\\\/\\\/krauseschnauzen.de\\\/wp-content\\\/uploads\\\/2023\\\/11\\\/cat-7502328_1280.jpg\",\"width\":841,\"height\":1280},{\"@type\":\"BreadcrumbList\",\"@id\":\"https:\\\/\\\/krauseschnauzen.de\\\/index.php\\\/fellpflege-fuer-katzen\\\/#breadcrumb\",\"itemListElement\":[{\"@type\":\"ListItem\",\"position\":1,\"name\":\"Startseite\",\"item\":\"https:\\\/\\\/krauseschnauzen.de\\\/\"},{\"@type\":\"ListItem\",\"position\":2,\"name\":\"Fellpflege Katzen\"}]},{\"@type\":\"WebSite\",\"@id\":\"https:\\\/\\\/krauseschnauzen.de\\\/#website\",\"url\":\"https:\\\/\\\/krauseschnauzen.de\\\/\",\"name\":\"Krauseschnauzen\",\"description\":\"Hundesalon und Aromatherapie\",\"publisher\":{\"@id\":\"https:\\\/\\\/krauseschnauzen.de\\\/#organization\"},\"potentialAction\":[{\"@type\":\"SearchAction\",\"target\":{\"@type\":\"EntryPoint\",\"urlTemplate\":\"https:\\\/\\\/krauseschnauzen.de\\\/?s={search_term_string}\"},\"query-input\":{\"@type\":\"PropertyValueSpecification\",\"valueRequired\":true,\"valueName\":\"search_term_string\"}}],\"inLanguage\":\"de\"},{\"@type\":\"Organization\",\"@id\":\"https:\\\/\\\/krauseschnauzen.de\\\/#organization\",\"name\":\"Hundesalon Krauseschnauzen\",\"url\":\"https:\\\/\\\/krauseschnauzen.de\\\/\",\"logo\":{\"@type\":\"ImageObject\",\"inLanguage\":\"de\",\"@id\":\"https:\\\/\\\/krauseschnauzen.de\\\/#\\\/schema\\\/logo\\\/image\\\/\",\"url\":\"https:\\\/\\\/krauseschnauzen.de\\\/wp-content\\\/uploads\\\/2023\\\/01\\\/KrauseSchnauzen_Logo_Farbig.png\",\"contentUrl\":\"https:\\\/\\\/krauseschnauzen.de\\\/wp-content\\\/uploads\\\/2023\\\/01\\\/KrauseSchnauzen_Logo_Farbig.png\",\"width\":2623,\"height\":2181,\"caption\":\"Hundesalon Krauseschnauzen\"},\"image\":{\"@id\":\"https:\\\/\\\/krauseschnauzen.de\\\/#\\\/schema\\\/logo\\\/image\\\/\"},\"sameAs\":[\"https:\\\/\\\/www.facebook.com\\\/HundesalonKrauseschnauzen\",\"https:\\\/\\\/www.instagram.com\\\/krauseschnauzen\\\/\"]}]}<\/script>\n<!-- \/ Yoast SEO plugin. -->","yoast_head_json":{"title":"Fellpflege Katzen - Krauseschnauzen","description":"Auch Katzen ben\u00f6tigen regelm\u00e4\u00dfige Fellpflege. Ich berate Sie sehr gern oder unterst\u00fctze Sie beim regelm\u00e4\u00dfigen B\u00fcrsten.","robots":{"index":"index","follow":"follow","max-snippet":"max-snippet:-1","max-image-preview":"max-image-preview:large","max-video-preview":"max-video-preview:-1"},"canonical":"https:\/\/krauseschnauzen.de\/index.php\/fellpflege-fuer-katzen\/","og_locale":"de_DE","og_type":"article","og_title":"Fellpflege Katzen - Krauseschnauzen","og_description":"Auch Katzen ben\u00f6tigen regelm\u00e4\u00dfige Fellpflege. Ich berate Sie sehr gern oder unterst\u00fctze Sie beim regelm\u00e4\u00dfigen B\u00fcrsten.","og_url":"https:\/\/krauseschnauzen.de\/index.php\/fellpflege-fuer-katzen\/","og_site_name":"Krauseschnauzen","article_publisher":"https:\/\/www.facebook.com\/HundesalonKrauseschnauzen","article_modified_time":"2023-11-25T09:07:49+00:00","og_image":[{"url":"https:\/\/krauseschnauzen.de\/wp-content\/uploads\/2023\/11\/cat-7502328_1280-673x1024.jpg","type":"","width":"","height":""}],"twitter_card":"summary_large_image","twitter_misc":{"Gesch\u00e4tzte Lesezeit":"2\u00a0Minuten"},"schema":{"@context":"https:\/\/schema.org","@graph":[{"@type":"WebPage","@id":"https:\/\/krauseschnauzen.de\/index.php\/fellpflege-fuer-katzen\/","url":"https:\/\/krauseschnauzen.de\/index.php\/fellpflege-fuer-katzen\/","name":"Fellpflege Katzen - Krauseschnauzen","isPartOf":{"@id":"https:\/\/krauseschnauzen.de\/#website"},"primaryImageOfPage":{"@id":"https:\/\/krauseschnauzen.de\/index.php\/fellpflege-fuer-katzen\/#primaryimage"},"image":{"@id":"https:\/\/krauseschnauzen.de\/index.php\/fellpflege-fuer-katzen\/#primaryimage"},"thumbnailUrl":"https:\/\/krauseschnauzen.de\/wp-content\/uploads\/2023\/11\/cat-7502328_1280-673x1024.jpg","datePublished":"2023-08-31T07:06:36+00:00","dateModified":"2023-11-25T09:07:49+00:00","description":"Auch Katzen ben\u00f6tigen regelm\u00e4\u00dfige Fellpflege. Ich berate Sie sehr gern oder unterst\u00fctze Sie beim regelm\u00e4\u00dfigen B\u00fcrsten.","breadcrumb":{"@id":"https:\/\/krauseschnauzen.de\/index.php\/fellpflege-fuer-katzen\/#breadcrumb"},"inLanguage":"de","potentialAction":[{"@type":"ReadAction","target":["https:\/\/krauseschnauzen.de\/index.php\/fellpflege-fuer-katzen\/"]}]},{"@type":"ImageObject","inLanguage":"de","@id":"https:\/\/krauseschnauzen.de\/index.php\/fellpflege-fuer-katzen\/#primaryimage","url":"https:\/\/krauseschnauzen.de\/wp-content\/uploads\/2023\/11\/cat-7502328_1280.jpg","contentUrl":"https:\/\/krauseschnauzen.de\/wp-content\/uploads\/2023\/11\/cat-7502328_1280.jpg","width":841,"height":1280},{"@type":"BreadcrumbList","@id":"https:\/\/krauseschnauzen.de\/index.php\/fellpflege-fuer-katzen\/#breadcrumb","itemListElement":[{"@type":"ListItem","position":1,"name":"Startseite","item":"https:\/\/krauseschnauzen.de\/"},{"@type":"ListItem","position":2,"name":"Fellpflege Katzen"}]},{"@type":"WebSite","@id":"https:\/\/krauseschnauzen.de\/#website","url":"https:\/\/krauseschnauzen.de\/","name":"Krauseschnauzen","description":"Hundesalon und Aromatherapie","publisher":{"@id":"https:\/\/krauseschnauzen.de\/#organization"},"potentialAction":[{"@type":"SearchAction","target":{"@type":"EntryPoint","urlTemplate":"https:\/\/krauseschnauzen.de\/?s={search_term_string}"},"query-input":{"@type":"PropertyValueSpecification","valueRequired":true,"valueName":"search_term_string"}}],"inLanguage":"de"},{"@type":"Organization","@id":"https:\/\/krauseschnauzen.de\/#organization","name":"Hundesalon Krauseschnauzen","url":"https:\/\/krauseschnauzen.de\/","logo":{"@type":"ImageObject","inLanguage":"de","@id":"https:\/\/krauseschnauzen.de\/#\/schema\/logo\/image\/","url":"https:\/\/krauseschnauzen.de\/wp-content\/uploads\/2023\/01\/KrauseSchnauzen_Logo_Farbig.png","contentUrl":"https:\/\/krauseschnauzen.de\/wp-content\/uploads\/2023\/01\/KrauseSchnauzen_Logo_Farbig.png","width":2623,"height":2181,"caption":"Hundesalon Krauseschnauzen"},"image":{"@id":"https:\/\/krauseschnauzen.de\/#\/schema\/logo\/image\/"},"sameAs":["https:\/\/www.facebook.com\/HundesalonKrauseschnauzen","https:\/\/www.instagram.com\/krauseschnauzen\/"]}]}},"_links":{"self":[{"href":"https:\/\/krauseschnauzen.de\/index.php\/wp-json\/wp\/v2\/pages\/1229","targetHints":{"allow":["GET"]}}],"collection":[{"href":"https:\/\/krauseschnauzen.de\/index.php\/wp-json\/wp\/v2\/pages"}],"about":[{"href":"https:\/\/krauseschnauzen.de\/index.php\/wp-json\/wp\/v2\/types\/page"}],"author":[{"embeddable":true,"href":"https:\/\/krauseschnauzen.de\/index.php\/wp-json\/wp\/v2\/users\/1"}],"replies":[{"embeddable":true,"href":"https:\/\/krauseschnauzen.de\/index.php\/wp-json\/wp\/v2\/comments?post=1229"}],"version-history":[{"count":14,"href":"https:\/\/krauseschnauzen.de\/index.php\/wp-json\/wp\/v2\/pages\/1229\/revisions"}],"predecessor-version":[{"id":1397,"href":"https:\/\/krauseschnauzen.de\/index.php\/wp-json\/wp\/v2\/pages\/1229\/revisions\/1397"}],"wp:attachment":[{"href":"https:\/\/krauseschnauzen.de\/index.php\/wp-json\/wp\/v2\/media?parent=1229"}],"curies":[{"name":"wp","href":"https:\/\/api.w.org\/{rel}","templated":true}]}}